{"id":872,"date":"2016-01-28T09:47:53","date_gmt":"2016-01-28T09:47:53","guid":{"rendered":"http:\/\/demo.vegatheme.com\/archilight\/?page_id=872"},"modified":"2018-06-24T04:51:15","modified_gmt":"2018-06-24T04:51:15","slug":"servicios","status":"publish","type":"page","link":"https:\/\/www.emprociv.com\/index.php\/servicios\/","title":{"rendered":"Servicios"},"content":{"rendered":"<div class=\"wpb-content-wrapper\"><p>[vc_row css=&#8221;.vc_custom_1453975735934{padding-top: 90px !important;padding-bottom: 30px !important;}&#8221;][vc_column]<div id=\"services-masonry\" class=\"masonry row\">\n\t\n\t<div class=\"col-md-3 item\">\n\t\t\n\t\t\t\t\t\n\t\t\t<h3>Ingenier\u00eda Vial, Aeroportuaria y Transporte<\/h3>\n\t\t\t<p>Estudios topogr\u00e1ficos<br \/>\nEstudios de suelos<br \/>\nDise\u00f1o geom\u00e9trico de v\u00edas<\/p>\n\t\t\t\t\t\t\t<div class=\"spacer-single-10\"><\/div>\n\t\t        <img loading=\"lazy\" decoding=\"async\" width=\"750\" height=\"466\" src=\"https:\/\/www.emprociv.com\/wp-content\/uploads\/2018\/06\/BTR.jpg\" class=\"img-responsive wp-post-image\" alt=\"\" srcset=\"https:\/\/www.emprociv.com\/wp-content\/uploads\/2018\/06\/BTR.jpg 750w, https:\/\/www.emprociv.com\/wp-content\/uploads\/2018\/06\/BTR-300x186.jpg 300w, https:\/\/www.emprociv.com\/wp-content\/uploads\/2018\/06\/BTR-600x373.jpg 600w\" sizes=\"auto, (max-width: 750px) 100vw, 750px\" \/>\t\t\t\t\t\t\t\t\t\t<div class=\"spacer-single\"><\/div>\t\t\t\n\t\t\t\t<a href=\"https:\/\/www.emprociv.com\/index.php\/service\/ingenieria-vial-aeroportuaria-y-transporte\/\" class=\"btn-line btn-fullwidth\">Read More<\/a>\t\t\n\t\t\t\n\t\t\n\t<\/div>\n\n\t\n\t<div class=\"col-md-3 item\">\n\t\t\n\t\t\t\t\t\n\t\t\t<h3>Servicios P\u00fablicos<\/h3>\n\t\t\t<p>Evaluaci\u00f3n y diagn\u00f3stico de redes<br \/>\nDise\u00f1o de plantas de tratamiento<br \/>\nDise\u00f1o de redes de acueducto<br \/>\nDise\u00f1o de redes de alcantarillado<\/p>\n\t\t\t\t\t\t\t<div class=\"spacer-single-10\"><\/div>\n\t\t        <img loading=\"lazy\" decoding=\"async\" width=\"750\" height=\"466\" src=\"https:\/\/www.emprociv.com\/wp-content\/uploads\/2015\/08\/servicios-publicos.jpg\" class=\"img-responsive wp-post-image\" alt=\"\" srcset=\"https:\/\/www.emprociv.com\/wp-content\/uploads\/2015\/08\/servicios-publicos.jpg 750w, https:\/\/www.emprociv.com\/wp-content\/uploads\/2015\/08\/servicios-publicos-300x186.jpg 300w, https:\/\/www.emprociv.com\/wp-content\/uploads\/2015\/08\/servicios-publicos-600x373.jpg 600w\" sizes=\"auto, (max-width: 750px) 100vw, 750px\" \/>\t\t\t\t\t\t\t\t\t\t<div class=\"spacer-single\"><\/div>\t\t\t\n\t\t\t\t<a href=\"https:\/\/www.emprociv.com\/index.php\/service\/servicios-publicos\/\" class=\"btn-line btn-fullwidth\">Read More<\/a>\t\t\n\t\t\t\n\t\t\n\t<\/div>\n\n\t\n\t<div class=\"col-md-3 item\">\n\t\t\n\t\t\t\t\t\n\t\t\t<h3>Vivienda y Desarrollo Urbano<\/h3>\n\t\t\t<p>Dise\u00f1os arquitect\u00f3nicos<br \/>\nDise\u00f1o estructural<br \/>\nDise\u00f1o de espacio p\u00fablico<\/p>\n\t\t\t\t\t\t\t<div class=\"spacer-single-10\"><\/div>\n\t\t        <img loading=\"lazy\" decoding=\"async\" width=\"750\" height=\"466\" src=\"https:\/\/www.emprociv.com\/wp-content\/uploads\/2015\/08\/vivienda-y-desarrollo-urbano.jpg\" class=\"img-responsive wp-post-image\" alt=\"\" srcset=\"https:\/\/www.emprociv.com\/wp-content\/uploads\/2015\/08\/vivienda-y-desarrollo-urbano.jpg 750w, https:\/\/www.emprociv.com\/wp-content\/uploads\/2015\/08\/vivienda-y-desarrollo-urbano-300x186.jpg 300w, https:\/\/www.emprociv.com\/wp-content\/uploads\/2015\/08\/vivienda-y-desarrollo-urbano-600x373.jpg 600w\" sizes=\"auto, (max-width: 750px) 100vw, 750px\" \/>\t\t\t\t\t\t\t\t\t\t<div class=\"spacer-single\"><\/div>\t\t\t\n\t\t\t\t<a href=\"https:\/\/www.emprociv.com\/index.php\/service\/vivienda-y-desarrollo-urbano\/\" class=\"btn-line btn-fullwidth\">Read More<\/a>\t\t\n\t\t\t\n\t\t\n\t<\/div>\n\n\t\n\t<div class=\"col-md-3 item\">\n\t\t\n\t\t\t\t\t\n\t\t\t<h3>Medio Ambiente<\/h3>\n\t\t\t<p>Impacto del desarrollo de infraestructura en el medio ambiente<br \/>\nEvaluaci\u00f3n de riesgos<br \/>\nPlanes de mitigaci\u00f3n de impacto sonoro<\/p>\n\t\t\t\t\t\t\t<div class=\"spacer-single-10\"><\/div>\n\t\t        <img loading=\"lazy\" decoding=\"async\" width=\"750\" height=\"466\" src=\"https:\/\/www.emprociv.com\/wp-content\/uploads\/2015\/08\/medio-ambiente.jpg\" class=\"img-responsive wp-post-image\" alt=\"\" srcset=\"https:\/\/www.emprociv.com\/wp-content\/uploads\/2015\/08\/medio-ambiente.jpg 750w, https:\/\/www.emprociv.com\/wp-content\/uploads\/2015\/08\/medio-ambiente-300x186.jpg 300w, https:\/\/www.emprociv.com\/wp-content\/uploads\/2015\/08\/medio-ambiente-600x373.jpg 600w\" sizes=\"auto, (max-width: 750px) 100vw, 750px\" \/>\t\t\t\t\t\t\t\t\t\t<div class=\"spacer-single\"><\/div>\t\t\t\n\t\t\t\t<a href=\"https:\/\/www.emprociv.com\/index.php\/service\/medio-ambiente\/\" class=\"btn-line btn-fullwidth\">Read More<\/a>\t\t\n\t\t\t\n\t\t\n\t<\/div>\n\n\t\t\n<\/div>\t\n\n[\/vc_column][\/vc_row][vc_row el_class=&#8221;call-to-action bg-color dark text-center&#8221; css=&#8221;.vc_custom_1453975666551{padding-top: 60px !important;padding-bottom: 60px !important;}&#8221;][vc_column]\t\t\t\n\n\t\t\t<a href=\"http:\/\/demo.oceanthemes.net\/archi\/version-light\/contact\/\" target=\"_self\" class=\"btn btn-line-black btn-big  \">Get Quotation<\/a>\n\t    \n[\/vc_column][\/vc_row]<\/p>\n<\/div>","protected":false},"excerpt":{"rendered":"<p>[vc_row css=&#8221;.vc_custom_1453975735934{padding-top: 90px !important;padding-bottom: 30px !important;}&#8221;][vc_column][\/vc_column][\/vc_row][vc_row el_class=&#8221;call-to-action bg-color dark text-center&#8221; css=&#8221;.vc_custom_1453975666551{padding-top: 60px !important;padding-bottom: 60px !important;}&#8221;][vc_column][\/vc_column][\/vc_row]<\/p>\n","protected":false},"author":1,"featured_media":0,"parent":0,"menu_order":0,"comment_status":"closed","ping_status":"closed","template":"page-templates\/template-fullwidth.php","meta":{"footnotes":""},"class_list":["post-872","page","type-page","status-publish","hentry"],"_links":{"self":[{"href":"https:\/\/www.emprociv.com\/index.php\/wp-json\/wp\/v2\/pages\/872","targetHints":{"allow":["GET"]}}],"collection":[{"href":"https:\/\/www.emprociv.com\/index.php\/wp-json\/wp\/v2\/pages"}],"about":[{"href":"https:\/\/www.emprociv.com\/index.php\/wp-json\/wp\/v2\/types\/page"}],"author":[{"embeddable":true,"href":"https:\/\/www.emprociv.com\/index.php\/wp-json\/wp\/v2\/users\/1"}],"replies":[{"embeddable":true,"href":"https:\/\/www.emprociv.com\/index.php\/wp-json\/wp\/v2\/comments?post=872"}],"version-history":[{"count":0,"href":"https:\/\/www.emprociv.com\/index.php\/wp-json\/wp\/v2\/pages\/872\/revisions"}],"wp:attachment":[{"href":"https:\/\/www.emprociv.com\/index.php\/wp-json\/wp\/v2\/media?parent=872"}],"curies":[{"name":"wp","href":"https:\/\/api.w.org\/{rel}","templated":true}]}}